/(-4))/(f/90) is divided by 8.
1
Suppose 0*b - 12 = -3*b. Suppose 22 = b*l - 2*l. Suppose -4*n + 93 + l = 0. What is the remainder when n is divided by 7?
5
Let f = 1331 + -1191. What is the remainder when 422 is divided by f?
2
Let z = 43 - 38. Suppose -163 = -4*r + z*a, -2*a = 5*r - a - 182. Calculate the remainder when r is divided by 19.
18
Suppose -35*l + 1672 = 9*l. What is the remainder when l is divided by 8?
6
Suppose 4*c - 8 = 0, -2*k + 2692 = -3*c + 328. What is the remainder when k is divided by 44?
41
Suppose 10*a + 91 = 351. Suppose 0 = 2*o + q - a, 5*o + q = 43 + 28. What is the remainder when 29 is divided by o?
14
Let n = 44 + -99. What is the remainder when (-1)/((-33)/(-6)) - 1605/n is divided by 5?
4
Suppose 0 = 14*k - 5*k - 414. What is the remainder when k is divided by 25?
21
Suppose -138 - 22 = -4*r. Calculate the remainder when 71 is divided by r.
31
Let w(d) = -d**2 + 26*d - 51. Calculate the remainder when w(22) is divided by 15.
7
Suppose 0 = 49*f - 40*f - 45. Suppose m + 2*w - 33 - 45 = 0, f*w - 81 = -m. What is the remainder when m is divided by 39?
37
Let r(q) = -q**2 + 13*q + 7. Suppose -28 = -4*m + 2*u + 18, -3*m + 3*u + 33 = 0. Calculate the remainder when 37 is divided by r(m).
18
Suppose -362 = -9*o - 83. What is the remainder when o is divided by 23?
8
Let v = 384 - 367. What is the remainder when 26 is divided by v?
9
Suppose -3*f = 2*z - 4*z + 739, -5*f + 5*z - 1240 = 0. Let t = f - -260. Calculate the remainder when ((-5)/4)/(1/(-40)) is divided by t.
16
Calculate the remainder when 303 is divided by ((-2964)/(-260))/((-9)/(-60)).
75
Let n(m) = 11*m**2 + 5*m - 2. What is the remainder when n(3) is divided by (6877/(-299))/(1/(-1))?
20
Let r(k) = 6*k + 15. Calculate the remainder when 223 is divided by r(5).
43
Let v(j) = j**3 + 5*j**2 + 2*j + 11. Let a be v(-4). Suppose 4*w - h - 26 - 8 = 0, -w - 5*h = -a. What is the remainder when 42 is divided by w?
6
Let h = 2655 - 562. Let m be h/63 + 2/(-9). Suppose 0 = 4*v - 35 - m. Calculate the remainder when 33 is divided by v.
16
Let m = 1272 - 1189. Calculate the remainder when m is divided by 28.
27
Let z(d) be the second derivative of d**5/20 - 11*d**4/12 + 11*d**3/6 + 13*d**2/2 + 16*d. Calculate the remainder when 63 is divided by z(10).
17
Suppose 2*v + 120 = -34. Let y = -54 - v. Calculate the remainder when y is divided by 12.
11
Suppose -24*o + 23*o = -15. Calculate the remainder when 74 is divided by o.
14
Let t(y) = 3*y**2 - 7*y - 2. Let s be t(3). Suppose 5*n - s*q = 61, n - q = 11 + 1. What is the remainder when 49 is divided by n?
10
Suppose -3*k = -319 + 67. Calculate the remainder when k is divided by 30.
24
Suppose -126 = 60*l - 69*l. What is the remainder when 138 is divided by l?
12
Let b be (-4*3 - -3)/(-3). Suppose -99 = -b*a - 30. What is the remainder when 112 is divided by a?
20
Let s(j) be the second derivative of j**5/10 - 3*j**4/4 - 2*j**3/3 + 11*j**2/2 - 4*j. What is the remainder when 31 is divided by s(5)?
15
Let o = -82 + 122. Calculate the remainder when o is divided by 15.
10
Suppose 148 = 2*y - 2*g, g = -5*y + 3*g + 385. Calculate the remainder when y is divided by 22.
13
Suppose -2*p - 15 = -15. Calculate the remainder when (-102)/(-10)*(5 + 0 - p) is divided by 26.
25
Suppose 4 = -w, -h + 4*w + 35 = -0*w. Let l = -323 - -376. Calculate the remainder when l is divided by h.
15
Suppose 4*t + 0*t - 32 = 0. Let g(b) = 22*b**2 - b - 2. What is the remainder when g(-1) is divided by t?
5
Suppose -5*n - 2*h = -67, 3*h - 21 = -5*n + 42. Suppose 10 = 2*q, -4*g - 38 = 4*q - 226. Calculate the remainder when g is divided by n.
12
Suppose -3*h = 2*q + 65 - 24, -3*q - 54 = 4*h. Let j be 835/h*(1 - 7). Suppose 4*f - 90 = j. What is the remainder when f is divided by 27?
25
Suppose -6*r = -565 + 187. Suppose 178*b - 181*b = -r. Calculate the remainder when 102 is divided by b.
18
Suppose 0 = -5*f, 2*p + 4*f = -0*p + 6. Suppose -p*d + 7*d - 4 = 2*c, -8 = -d + 4*c. Suppose -x - 6 + 18 = d. What is the remainder when 21 is divided by x?
9
Let x = 402 + 495. What is the remainder when x is divided by 36?
33
Let l = 38 + -26. Suppose 15 = -2*b + 49. Let s = b - l. Calculate the remainder when 13 is divided by s.
3
Suppose -4 = -h - h. Suppose j - 10 = -h*q - 5, -4*j = q - 55. Suppose 20 = o - 9. Calculate the remainder when o is divided by j.
14
Let j(d) = -3*d - 5. What is the remainder when 19 - (-2 + (-7)/7) is divided by j(-6)?
9
Suppose k = 5*h + 34 - 298, 5*k - 164 = -3*h. What is the remainder when h is divided by (3*2/(-10))/(420/(-13300))?
15
Let f(d) = 23*d**3 - d**2. Let z be f(1). Let a(v) = -3*v**3 - 2*v**2 + 2*v - 1. What is the remainder when a(-3) is divided by z + -21 + 1/(-1)*-18?
18
Suppose 0 = -3*m + 5*l + 93, -5*l + 159 = 4*m - 0*l. What is the remainder when m is divided by 20?
16
Let s(x) = -33*x - 77. Let t(c) be the third derivative of c**5/15 + c**4/24 - 5*c**3/6 - c**2. Calculate the remainder when t(4) is divided by s(-3).
19
Let x(o) = o**3 + 11*o**2 + 9*o + 10. Let u be x(-10). Suppose -4*w + 148 = -u. Calculate the remainder when 3810/w - (-2)/7 is divided by 23.
22
Let m(b) = -28*b**2 + 4*b + 4. Let f be m(6). What is the remainder when (f/25)/(1/10*-2) is divided by 33?
31
Let v be 48/18*3/2. Suppose -2*c = -0 - v. Calculate the remainder when c is divided by 2.
0
Suppose 2*u = f + 8, -2*u = -2*f - 2 - 8. Suppose u*t - 4*q = -25, 4*t + 51 = 3*q + 13. Let m = t - -14. What is the remainder when 9 is divided by m?
0
Suppose -4*g = o - 22, 0 = -g + 3*o - 3 + 2. What is the remainder when 30 - (-2 + -1 + g) is divided by 10?
8
Suppose 7 - 27 = 4*t, -4*u - 2*t + 14 = 0. What is the remainder when (-28)/u*78/(-4) is divided by 46?
45
Let d(o) = -7*o**2 - 247*o - 84. Calculate the remainder when d(-31) is divided by 37.
32
Let w(u) = -u**2 - 6*u + 24. Let y(s) = -s**2 - 6*s + 25. Let q(d) = 3*w(d) - 4*y(d). What is the remainder when q(-14) is divided by 29?
26
Let f = -63 - -65. What is the remainder when (-159 - -1)*(0 + (-1)/f) is divided by 16?
15
Let s(h) = h**2 - h - 1. Let l(r) = 6*r**2 - 5*r - 4. Let z(k) = -l(k) + 5*s(k). Let a be z(2). Let j = 37 + a. Calculate the remainder when j is divided by 17.
15
Let s be 3/(-8) + 4/96*33. What is the remainder when 2/4*-2*s + 109 is divided by 55?
53
Let p = 16 - -25. Let t = 395 - 318. Calculate the remainder when t is divided by p.
36
Suppose 0 = -5*g - 15, 0 = -9*i + 5*i - g + 9. Calculate the remainder when 164 is divided by 40 + (-4 + i)*(-5 - -2).
35
Suppose 2*m - 5*g - 31 = 0, -4*m - 2*g - 46 = -9*m. What is the remainder when 38 is divided by m?
6
Let w(x) = -x**3 + 11*x**2 + 4*x - 17. Calculate the remainder when 1330 is divided by w(4).
109
Suppose 0*t - t + 10 = -j, -2*j + 10 = 3*t. Let c(x) = -x - x - 4*x + 4 - t. What is the remainder when c(-3) is divided by 9?
7
Let t be (-85)/(-3)*(-36)/(-12). Let f = 113 - t. What is the remainder when f is divided by 8?
4
Suppose 32*f - 10086 = -9*f. What is the remainder when f is divided by 21?
15
Suppose -8 = -r - 3*r. Let n be (10/2)/((-5)/(-2)). Suppose r*o - 4 = n. Calculate the remainder when 4 is divided by o.
1
Let n = 2157 - -1107. What is the remainder when n is divided by 99?
96
Suppose -3*p + 0*p = -7*p. Suppose p = u - l - 12, -5*l + 75 = 3*u + u. What is the remainder when u is divided by 6?
3
Suppose -2*v + 3*v + 4 = -2*a, 3*v - 8 = 4*a. Let m(i) = -12*i**3 - 2*i**2 + 1. What is the remainder when m(a) is divided by 46?
43
Let o = -1441 - -1456. What is the remainder when 502 is divided by o?
7
Let q = 634 + -613. Calculate the remainder when 70 is divided by q.
7
Let a(j) = -6*j**2 - 73*j + 3. Calculate the remainder when 42 is divided by a(-12).
12
Suppose 68*q + 3 = 69*q. Suppose q*p = 9*p - 312. Calculate the remainder when p is divided by 5.
2
Let b(l) = 60*l**2 - l - 2. Calculate the remainder when b(-1) is divided by 7.
3
Suppose 0 = -2*l - 4*w + 34, l - 5 = 3*w + 2. Let o(a) = a**2 - 13*a + 12. Calculate the remainder when 33 is divided by o(l).
9
Let n(g) = g. Let h(w) = w - 1. Let o be h(9). Let a be n(o). Suppose 0 = -z + 2, 0 = -4*j + 4*z + 4 + a. Calculate the remainder when 13 is divided by j.
3
Suppose -9*q = -37*q + 2100. What is the remainder when q is divided by 4?
3
Suppose -3*x 